{"id":393,"date":"2015-06-29T01:13:04","date_gmt":"2015-06-28T23:13:04","guid":{"rendered":"http:\/\/kla.mak-seminar.de\/?page_id=393"},"modified":"2016-02-23T20:49:48","modified_gmt":"2016-02-23T18:49:48","slug":"rueckblicke","status":"publish","type":"page","link":"http:\/\/klangart-siegburg.de\/?page_id=393","title":{"rendered":"R\u00fcckblicke"},"content":{"rendered":"<p style=\"text-align: left;\"><a href=\"http:\/\/klangart-siegburg.de\/wp-content\/uploads\/2015\/06\/35_Jahre_Melodia.jpg\"><img loading=\"lazy\" decoding=\"async\" class=\" wp-image-395 alignright\" src=\"http:\/\/klangart-siegburg.de\/wp-content\/uploads\/2015\/06\/35_Jahre_Melodia-214x300.jpg\" alt=\"35_Jahre_Melodia\" width=\"306\" height=\"429\" srcset=\"http:\/\/klangart-siegburg.de\/wp-content\/uploads\/2015\/06\/35_Jahre_Melodia-214x300.jpg 214w, http:\/\/klangart-siegburg.de\/wp-content\/uploads\/2015\/06\/35_Jahre_Melodia-624x873.jpg 624w, http:\/\/klangart-siegburg.de\/wp-content\/uploads\/2015\/06\/35_Jahre_Melodia.jpg 686w\" sizes=\"auto, (max-width: 306px) 100vw, 306px\" \/><\/a><em><strong><span style=\"color: #800000;\">27.Juni 2015<\/span><\/strong><\/em> &#8211; <span style=\"color: #800000;\">gemeinsames<\/span> <span style=\"color: #800000;\">Konzert mit dem Frauenchor Melodia Asbach e.V.<\/span><\/p>\n<p style=\"text-align: left;\">Wir freuen uns sehr, dass wir zum 35. Jubil\u00e4um des Meisterchores Frauenchor Melodia Asbach e.V. und Melodia Swing als Gastchor eingeladen wurden und nun schon zum zweiten Mal mit ihm gemeinsam auftreten durften.<\/p>\n<p style=\"text-align: left;\">Beide Ch\u00f6re werden von Ruslan Aliyev geleitet.<br \/>\nEs war an diesem Abend nicht zu \u00fcbersehen bzw. zu \u00fcberh\u00f6ren, wie sehr uns unser gemeinsamer Chorleiter ans Herz gewachsen ist. Er holt alles aus uns heraus und einzelne Talente der Ch\u00f6re d\u00fcrfen sich dem Publikum zeigen.<br \/>\nWeiterhin ist es ihm zu verdanken, dass sich die Siegburger und Asbacher S\u00e4ngerinnen und S\u00e4nger richtig nahe gekommen sind &#8211; auch das war auf dem Konzert zu sp\u00fcren. Wir sind ber\u00fchrt, dass wir so herzlich in Asbach empfangen wurden.<\/p>\n<p style=\"text-align: left;\">Beindruckend waren ebenfalls die wundersch\u00f6nen Melodien gespielt von Paul Franke am Fl\u00fcgel. Er ist erst 20 Jahre jung &#8211; doch man h\u00e4tte meinen k\u00f6nnen, hier l\u00e4sst ein versierter Profi seine Finger \u00fcber die Tasten gleiten.<\/p>\n<p>Bei diesem Konzert ging es kurzweilig, spritzig, witzig, nachdenklich und emotional zu.\u00a0 Das Publikum dankte mit reichlich Applaus und leuchtenden Augen. Wer nicht dabei sein konnte, hat einen bewegenden Abend verpasst. Doch Sie d\u00fcrfen sich sicher sein, es war ganz gewiss nicht die letzte gemeinsame Vorstellung!<\/p>\n<p style=\"text-align: left;\">\n<p><span style=\"color: #800000;\"><strong><em>Freitag<\/em><\/strong><\/span><span style=\"color: #800000;\"><strong><em>, am 30.Oktober 2015<\/em><\/strong><\/span><br \/>\n<span style=\"color: #800000;\">Eine lebendige Begegnung mit dem Tod<\/span><br \/>\n<span style=\"color: #800000;\">Theaterst\u00fcck mit dem Pantomimen Christoph Gilsbach und musikalischer Unterst\u00fctzung durch den Chor KlangArt<\/span><br \/>\nSIEGBURGER THEMENWOCHEN \u201eEs geht um Leben und Tod\u201c &#8211; Heiteres und Besinnliches rund um unser Kommen und Gehen<br \/>\nOrt:\u00a0\u00a0\u00a0\u00a0\u00a0\u00a0\u00a0\u00a0\u00a0\u00a0\u00a0 Stadtmuseum am Markt<br \/>\nUhrzeit:\u00a0\u00a0\u00a0\u00a0 19:00 Uhr\u00a0, Eintritt 12 \u20ac<\/p>\n<p><a href=\"http:\/\/klangart-siegburg.de\/wp-content\/uploads\/2015\/06\/Flyer_Leben_Tod.pdf\">Flyer_Leben_Tod<\/a><\/p>\n","protected":false},"excerpt":{"rendered":"<p>27.Juni 2015 &#8211; gemeinsames Konzert mit dem Frauenchor Melodia Asbach e.V. Wir freuen uns sehr, dass wir zum 35. Jubil\u00e4um des Meisterchores Frauenchor Melodia Asbach e.V. und Melodia Swing als Gastchor eingeladen wurden und nun schon zum zweiten Mal mit ihm gemeinsam auftreten durften. Beide Ch\u00f6re werden von Ruslan Aliyev geleitet. Es war an diesem [&hellip;]<\/p>\n","protected":false},"author":2,"featured_media":0,"parent":0,"menu_order":0,"comment_status":"closed","ping_status":"closed","template":"","meta":{"footnotes":""},"class_list":["post-393","page","type-page","status-publish","hentry"],"_links":{"self":[{"href":"http:\/\/klangart-siegburg.de\/index.php?rest_route=\/wp\/v2\/pages\/393","targetHints":{"allow":["GET"]}}],"collection":[{"href":"http:\/\/klangart-siegburg.de\/index.php?rest_route=\/wp\/v2\/pages"}],"about":[{"href":"http:\/\/klangart-siegburg.de\/index.php?rest_route=\/wp\/v2\/types\/page"}],"author":[{"embeddable":true,"href":"http:\/\/klangart-siegburg.de\/index.php?rest_route=\/wp\/v2\/users\/2"}],"replies":[{"embeddable":true,"href":"http:\/\/klangart-siegburg.de\/index.php?rest_route=%2Fwp%2Fv2%2Fcomments&post=393"}],"version-history":[{"count":12,"href":"http:\/\/klangart-siegburg.de\/index.php?rest_route=\/wp\/v2\/pages\/393\/revisions"}],"predecessor-version":[{"id":430,"href":"http:\/\/klangart-siegburg.de\/index.php?rest_route=\/wp\/v2\/pages\/393\/revisions\/430"}],"wp:attachment":[{"href":"http:\/\/klangart-siegburg.de\/index.php?rest_route=%2Fwp%2Fv2%2Fmedia&parent=393"}],"curies":[{"name":"wp","href":"https:\/\/api.w.org\/{rel}","templated":true}]}}

Rückblicke

<p style="text-align: left;"><a href="http://klangart-siegburg.de/wp-content/uploads/2015/06/35_Jahre_Melodia.jpg"><img loading="lazy" decoding="async" class=" wp-image-395 alignright" src="http://klangart-siegburg.de/wp-content/uploads/2015/06/35_Jahre_Melodia-214x300.jpg" alt="35_Jahre_Melodia" width="306" height="429" srcset="http://klangart-siegburg.de/wp-content/uploads/2015/06/35_Jahre_Melodia-214x300.jpg 214w, http://klangart-siegburg.de/wp-content/uploads/2015/06/35_Jahre_Melodia-624x873.jpg 624w, http://klangart-siegburg.de/wp-content/uploads/2015/06/35_Jahre_Melodia.jpg 686w" sizes="auto, (max-width: 306px) 100vw, 306px" /></a><em><strong><span style="color: #800000;">27.Juni 2015</span></strong></em> &#8211; <span style="color: #800000;">gemeinsames</span> <span style="color: #800000;">Konzert mit dem Frauenchor Melodia Asbach e.V.</span></p>
<p style="text-align: left;">Wir freuen uns sehr, dass wir zum 35. Jubiläum des Meisterchores Frauenchor Melodia Asbach e.V. und Melodia Swing als Gastchor eingeladen wurden und nun schon zum zweiten Mal mit ihm gemeinsam auftreten durften.</p>
<p style="text-align: left;">Beide Chöre werden von Ruslan Aliyev geleitet.<br />
Es war an diesem Abend nicht zu übersehen bzw. zu überhören, wie sehr uns unser gemeinsamer Chorleiter ans Herz gewachsen ist. Er holt alles aus uns heraus und einzelne Talente der Chöre dürfen sich dem Publikum zeigen.<br />
Weiterhin ist es ihm zu verdanken, dass sich die Siegburger und Asbacher Sängerinnen und Sänger richtig nahe gekommen sind &#8211; auch das war auf dem Konzert zu spüren. Wir sind berührt, dass wir so herzlich in Asbach empfangen wurden.</p>
<p style="text-align: left;">Beindruckend waren ebenfalls die wunderschönen Melodien gespielt von Paul Franke am Flügel. Er ist erst 20 Jahre jung &#8211; doch man hätte meinen können, hier lässt ein versierter Profi seine Finger über die Tasten gleiten.</p>
<p>Bei diesem Konzert ging es kurzweilig, spritzig, witzig, nachdenklich und emotional zu.  Das Publikum dankte mit reichlich Applaus und leuchtenden Augen. Wer nicht dabei sein konnte, hat einen bewegenden Abend verpasst. Doch Sie dürfen sich sicher sein, es war ganz gewiss nicht die letzte gemeinsame Vorstellung!</p>
<p style="text-align: left;">
<p><span style="color: #800000;"><strong><em>Freitag</em></strong></span><span style="color: #800000;"><strong><em>, am 30.Oktober 2015</em></strong></span><br />
<span style="color: #800000;">Eine lebendige Begegnung mit dem Tod</span><br />
<span style="color: #800000;">Theaterstück mit dem Pantomimen Christoph Gilsbach und musikalischer Unterstützung durch den Chor KlangArt</span><br />
SIEGBURGER THEMENWOCHEN „Es geht um Leben und Tod“ &#8211; Heiteres und Besinnliches rund um unser Kommen und Gehen<br />
Ort:            Stadtmuseum am Markt<br />
Uhrzeit:     19:00 Uhr , Eintritt 12 €</p>
<p><a href="http://klangart-siegburg.de/wp-content/uploads/2015/06/Flyer_Leben_Tod.pdf">Flyer_Leben_Tod</a></p>

<p>27.Juni 2015 &#8211; gemeinsames Konzert mit dem Frauenchor Melodia Asbach e.V. Wir freuen uns sehr, dass wir zum 35. Jubiläum des Meisterchores Frauenchor Melodia Asbach e.V. und Melodia Swing als Gastchor eingeladen wurden und nun schon zum zweiten Mal mit ihm gemeinsam auftreten durften. Beide Chöre werden von Ruslan Aliyev geleitet. Es war an diesem [&hellip;]</p>
